-x**3 + 6*x**2 - 3*x + 8. Let u be q(5). What is the greatest common factor of 486 and u?
18
Let b = 1059 - 1057. Calculate the highest common factor of 100 and b.
2
Suppose 107 = 3*m - 4*f, 3*f + 182 = 3*m + 2*m. Let q be 1/(6/120*-4) - -264. Calculate the highest common divisor of q and m.
37
Let v = 1 + 5. Let h be 6/(-9) + 22/v. Suppose 10*k - 4 = 16. Calculate the greatest common factor of k and h.
1
Suppose 4*z = -3*q + 2*q - 42, 5*z + 195 = -5*q. Let r = -22 - q. What is the greatest common divisor of 64 and r?
16
Let j = 1269 - 940. What is the greatest common factor of j and 235?
47
Let q be ((-58310)/51)/((-5)/15). Calculate the highest common factor of q and 70.
70
Let z(k) = -k + 6. Let s be z(4). Suppose 3*x - 3*w - 33 = 0, 0 = -s*x + 5*x + 2*w - 8. Calculate the highest common factor of x and 12.
6
Let s be ((-24)/(-10))/(4/70) + -3. What is the highest common divisor of 299 and s?
13
Let y be (1 - 2 - 8) + 36/9. Let g be 76/y*(-1 + 6/(-4)). What is the highest common factor of g and 114?
38
Let c(n) = 2*n**2 + 13 + 20 - n**2 - n - 9 + n**3. Let d be c(0). Let m(v) = 4*v - 20. Let a be m(8). Calculate the greatest common divisor of a and d.
12
Suppose 37555 = 8*c + 29*c. What is the greatest common divisor of c and 580?
145
Suppose -b - 40 = -2*b. Let m(l) = -l**3 - 11*l**2 - 28*l - 164. Let k be m(-10). What is the greatest common factor of b and k?
8
Suppose 1122 - 162 = -10*b. Let g be ((-9)/(-6))/((-3)/b). Calculate the highest common factor of g and 24.
24
Suppose 0 = -18*q + 81 + 135. What is the greatest common factor of q and 192?
12
Suppose 0 = 2*q + 6, q = 3*h - 21 + 6. Suppose -20 - h = -4*m. Calculate the greatest common divisor of m and 15.
3
Suppose 0*w = -6*w + 330. What is the greatest common factor of 22 and w?
11
Suppose 0 = 4*o - 5*o + 2*j + 8, -4*o - 5*j + 45 = 0. Let q = 29 + -19. What is the greatest common factor of o and q?
10
Suppose 54 = 4*x + 5*r, 43*x - r - 34 = 41*x. Calculate the highest common factor of 6 and x.
2
Suppose i + 237 - 870 = -3*f, -2*f = 5*i - 422. Suppose 10*l - 4*c = 9*l + 46, 0 = 5*l - c - f. What is the greatest common divisor of l and 98?
14
Let j be 6/4*(45 - -13). Suppose 0 = 4*y - 9 - j. What is the greatest common divisor of 264 and y?
24
Suppose 3240 = 86*x - 32*x. What is the greatest common divisor of 210 and x?
30
Let j = 7 + -4. Suppose 0 = j*n - z - 719, 4*n + 0*z - 956 = 4*z. Calculate the greatest common factor of n and 30.
30
Suppose -6*d + 5*n - 23 = -10*d, d = -4*n + 14. What is the highest common factor of d and 5?
1
Let y = 56 - 44. Suppose 3*n - 4*h - 91 - 37 = 0, -4*n - 4*h = -208. Calculate the greatest common factor of n and y.
12
Let u(c) = 7*c**2 - 79*c + 23. Let l be u(11). Calculate the greatest common factor of 64 and l.
1
Let j(k) = 5*k**3 + 2*k**2 - k + 5. Let f be j(-3). Let h be 2 + -3 - (f + 0). Calculate the highest common divisor of 12 and h.
12
Let r(j) = 4*j**2 + 7*j + 1. Let w be r(-2). What is the highest common divisor of w and 2?
1
Let x = -13 + 13. Let k(f) = 3*f + 15. Let m be k(x). What is the greatest common divisor of 5 and m?
5
Let v(i) = i - 2. Let l be v(5). Suppose l*r = 4*c - 12, -2*c - 5*r + 32 + 0 = 0. What is the highest common factor of c and 4?
2
Suppose 3*f - 11 + 14 = 0. Let t be (1 - (-3 + 9))*f. Calculate the greatest common factor of t and 25.
5
Let u(r) = -r - 4 - 4*r + 90*r**2 - 89*r**2. Let j be u(9). Calculate the highest common factor of j and 288.
32
Let y = 10 + 2. Let z be (-2 - 40/(-6))*18. Calculate the greatest common divisor of z and y.
12
Let x be -2 - (-477)/99 - 6/(-33). Suppose 2*k - 14 = 24. Let o be k - (-2)/(1 - 0). What is the greatest common factor of x and o?
3
Let o = -589 - -691. What is the greatest common factor of 544 and o?
34
Let p = -16 + 41. Let u = p - 22. Calculate the highest common divisor of 33 and u.
3
Let d(x) = -32 - 8*x - 3*x + 31. Let n be d(-1). Calculate the greatest common divisor of 70 and n.
10
Suppose -2*a + 4*k = 52 + 516, -3*k = -3*a - 837. Let p = -151 - a. Let w be 4/(-6)*(-246)/4. What is the highest common divisor of p and w?
41
Let z be (1 + 1)/(2/12). Let k = -226 + 322. What is the highest common divisor of k and z?
12
Let h = -19 - -22. Suppose -4*d - 12 = 0, h*g - 4*d - 8 = 13. Suppose 4*i - 25 = -g*w, -3*i = w + 2*i + 10. Calculate the greatest common factor of w and 135.
15
Let b = -8 + 28. Suppose -h - b = -3*h. Suppose -z - z + 60 = 0. Calculate the highest common factor of h and z.
10
Let a(t) = 2*t**2 - 6*t. Let k be a(5). Let n be (-80)/(-35) - (-4)/(-14). Let p = n - -28. What is the highest common divisor of p and k?
10
Let g be -26*(-2 - (-9)/6). Let x(y) = -g*y - 13*y + 25*y - y**2 - 72*y**3. Let h be x(-1). Calculate the greatest common factor of 9 and h.
9
Let f(w) = 2*w + 1. Let r be f(-1). Let m be (27/18)/(r/(-16)). Calculate the greatest common divisor of m and 264.
24
Let t be (-308)/(-8) - 21/(-14). What is the highest common factor of t and 16?
8
Suppose 116802 = 18*q + 45*q. Calculate the highest common divisor of 18 and q.
18
Suppose 58 = -34*q + 35*q - 5*a, -2*q + 3*a = -137. What is the highest common factor of 3 and q?
1
Suppose 4*d - 2*a = 36, 5*d = -8*a + 13*a + 40. Calculate the highest common divisor of 790 and d.
10
Suppose 21*r = 18*r - 1260. Let d be ((-9)/4)/(5/(r/9)). Calculate the highest common divisor of d and 21.
21
Let o(w) = w**3 + 3*w**2 - 2*w + 1. Let t be o(-2). Suppose 0 = -4*u + 19 + t. Let k = 1246 + -1183. What is the highest common divisor of k and u?
7
Suppose 60*a = 69*a - 4158. What is the highest common divisor of a and 42?
42
Let f = -11 - -15. Let s be f - (3 + -2 + 1). Suppose 0 = -s*b + 21 + 3. Calculate the greatest common factor of 96 and b.
12
Suppose -w + 5*u - 23 = 0, 0 = -4*w - 3*u + 46 - 23. Suppose 0 = -5*s + 4*x + 54, 2*x + 5 = -3*x. Calculate the greatest common factor of w and s.
2
Let d = -427 - -448. Suppose 4*a = 350 - 46. Suppose u + 2*c = a, 3*u - 240 = -2*c - c. Calculate the greatest common divisor of d and u.
21
Let q = 303 - 167. Let r be (-204)/(-15)*(-30)/(-12). Calculate the greatest common factor of q and r.
34
Let i be (-14144)/(-20) + 2/(-10). Suppose -4*j = -i - 325. Let y be 5/(3 - j/87). Calculate the highest common factor of y and 58.
29
Suppose -5*k + 0 = -90. Suppose 98*h - 100*h = -k. Calculate the highest common divisor of h and 243.
9
Suppose 4*n - 2*a = 10, 0 = 2*n + 2*a - 6 - 14. Calculate the greatest common divisor of n and 50.
5
Let w(d) = 3*d**2 - 3*d - 3. Let v = 46 - 22. Let b be (-2)/(-12) + 68/v. Let r be w(b). What is the highest common divisor of 5 and r?
5
Let a(m) = -2*m**2 - 24*m - 19. Let l be a(-10). Calculate the highest common divisor of l and 42.
21
Let o be (0 - (5 - -3)) + 32. What is the greatest common factor of 40 and o?
8
Let w(v) = -2*v**2 - 12*v - 11. Let p be w(-5). Let y be (p - 144)*96/(-120). Calculate the highest common divisor of y and 29.
29
Suppose -3*f - 5*i = -f + 32, f = 5*i - 31. Let t = 105 - f. Suppose 0 = 53*z - 56*z + 42. What is the greatest common divisor of t and z?
14
Let h = 37 - 54. Let u = h - -19. Suppose -a + 2*a - 17 = u*m, -3*m + 15 = 0. Calculate the greatest common divisor of a and 3.
3
Let z(i) = i - 17. Let h be z(8). Let y(x) = x**3 + 9*x**2 + x + 13. Let o be y(h). Let d be 0/o + 1 + 1. Calculate the greatest common factor of d and 4.
2
Let m(i) = -i**3 + 16*i**2 + i + 16. Let y be m(16). What is the highest common divisor of 12 and y?
4
Suppose 48 = r + 3*r. Suppose r = 7*b - 9*b. Let u be -1*(-52)/(b/(-3)). Calculate the greatest common divisor of 13 and u.
13
Let p be 8/(-6)*1*-18. Let l be (-21)/1*204/(-357). What is the highest common factor of p and l?
12
Suppose 0 = -g + 5*g + 20. Let l(s) = 6*s + 12. Let z be l(g). Let y be (-266)/z - (-8)/36. Calculate the greatest common factor of y and 75.
15
Let x be ((-5658)/42 - (-4)/(-14))/(-1). Calculate the highest common divisor of 3 and x.
3
Let k be 2976/27 - (-2)/(-9). Let r = k + -62. Suppose -r = -3*i + 5*n, -5*i + 3*n = -14 - 50. Calculate the greatest common factor of i and 11.
11
Let a be ((-5)/3)/(1/(-3)). Let t(b) = -b**3 + 5*b**2 + 3. Let o be t(a). Suppose 64 = o*i - 2. What is the highest common divisor of 22 and i?
22
Let b be 10/5 + -1 - -305. Let